1)/(f/(-3)). Let i(q) = -q. Calculate i(s).
3
Let s = -2483 - -2481. Let p(t) be the first derivative of 4*t**3/3 - t**2 - t + 5. Determine p(s).
19
Let g(x) = -x**3 - 21*x**2 + 17*x - 66. Let h(t) = t**3 + 150*t**2 + 997*t - 594. Let k be h(-143). What is g(k)?
44
Let s(k) = 33*k**3 - 11*k + 13. Let f be s(1). Let y(l) = -2*l**3 + 70*l**2 + 10. Calculate y(f).
10
Let g(p) = 10*p - 3. Let j(f) = f**3 + 49*f**2 + 97*f + 135. Let x be j(-47). Give g(x).
-63
Suppose 4*d + 54 = -2*f, -d + 3*f + 223 = 212. Let o(k) = 4*k**2 + 47*k + 73. Determine o(d).
3
Let k(f) = f**3 + 10*f**2 - 5. Suppose -5*q + b = -4*b - 125, 3*b = 5*q - 123. Suppose -2*z - 36 = 4*m - 4*z, -2*m - 2*z = q. What is k(m)?
-5
Let z(m) be the first derivative of 7*m**2/2 - 21*m + 99. Let w be z(3). Let o(q) = q + 21. Let y(g) = -g - 22. Let h(k) = 5*o(k) + 4*y(k). Calculate h(w).
17
Let i(z) = -805 - 838 + 2*z**2 - z**2 - 27*z - 839 + 2443. Give i(28).
-11
Let k(t) = t**2 - 3 - 7 + 13 + 3*t - 8. Let n = -16166 - -16168. What is k(n)?
5
Let q = -22447 - -22449. Let y(c) be the first derivative of c**3/3 - 2*c**2 - c - 2. Determine y(q).
-5
Let x(u) = -u**3 + 5*u**2 + 4. Suppose -22 = 20*t - 31*t. Suppose -98*b + 22 = -93*b + 3*f, 2*f = t*b - 12. What is x(b)?
4
Let f(a) = 1 - 52*a + 51*a - 3. Suppose 82 - 73 = -c. Let w be (3/(-3)*-1 + c)/(-2). Determine f(w).
-6
Suppose 468*m - 459*m - 198 = 0. Let f(l) = -l**2 - 7*l - 3. Let j be f(-6). Let b be (j - 4)/(-4) - m/(-8). Let d(g) = -2*g - 3. Calculate d(b).
-9
Let k(q) = -q + 4. Let p(f) = 841 - 1684 + 842. Let n(d) = k(d) + 2*p(d). Calculate n(-6).
8
Let j(n) = -13 + 20 - 164*n - 5*n**2 + 86*n + n**3 + 77*n. What is j(0)?
7
Suppose -597*s + 545*s + 196 + 116 = 0. Let h(j) = -j**3 - 2*j - 4. Let r(i) = i**3 + i**2 + 2*i + 5. Let b(c) = -7*h(c) - 6*r(c). What is b(s)?
10
Let j be ((-2)/(-5))/((-14)/35). Let s(z) = 7*z**3 + z**2 + 4*z + 4. Let a(y) = -y**3 + y + 1. Let v(q) = 4*a(q) - s(q). Determine v(j).
10
Let h(d) = d**2 + 2*d + 2. Let q = -501 - -499. Calculate h(q).
2
Suppose -4*f - o + 48 = 0, 0 = 5*f - 9*o + 5*o - 39. Let m(c) = c - 12*c**3 + f*c**3 + 1 + 8*c**3 + c**2. Give m(-1).
-6
Let w(i) = 12*i + 11. Let p be (3 - (-91)/(-28)) + 23/(-4). Let g(c) = -14*c - 10. Let n(o) = p*w(o) - 5*g(o). Determine n(-7).
-2
Let r(c) = c. Suppose 0 = 4*p + 46 - 54. Suppose 3*v - 21 = -p*v - a, -5*v = -a - 19. Suppose -v*q = -7*q + 9. Give r(q).
3
Let r(g) = g**3 + 7*g**2 + 4*g - 6. Let l = -36 - -33. Let t be 2 - 7 - (4 + l). What is r(t)?
6
Let x(d) = 2*d**3 + 12*d**2 - 2*d + 5. Suppose -15 = 15*r - 8*r - 4*r. Calculate x(r).
65
Suppose 1 = -171*a + 169*a + 5*w, 4*a - w + 11 = 0. Let o(f) be the second derivative of -f**5/20 - f**4/12 - f**3/3 - f**2/2 + f. Calculate o(a).
23
Let f(x) be the second derivative of 0*x**3 + 1/20*x**5 + 9*x**2 - 2*x - 1/12*x**4 + 28. Suppose 0 = 2*i, -2*r - 3*i = -4*i. Determine f(r).
18
Suppose -13*q + 8 = -44. Let n(l) = -16 + 10 + l**2 + 8 - 3*l - q*l. Let a = 8 + -2. Determine n(a).
-4
Let p(x) = 2*x**2 - 29*x + 4. Let o(l) = 28*l - 5. Let d(s) = -2*o(s) - 3*p(s). Calculate d(5).
3
Let b(c) = -2*c**2 - 5*c - 4. Suppose 16*k - 35*k + 266 = 0. Suppose -118 = 26*h - k. Determine b(h).
-16
Let v(r) = r**2 - 5*r + 22. Suppose -h = -4*c - 30, -c + 15 = 22*h - 20*h. Calculate v(h).
72
Let r(d) = d**3 + 3*d**2 + 49*d + 162. Let t be r(-3). Let o(c) = -c**2 + 14*c + 1. Determine o(t).
-14
Let r(a) = 2*a - 5. Suppose 2*m + 38 - 4 = 0. Let p(s) = 21 - 16*s + 160*s**2 + 150*s**2 - 311*s**2. Let l be p(m). Give r(l).
3
Let u be 340/595*(-14)/4. Let a(j) = -9*j - 33. What is a(u)?
-15
Let t(f) = 2*f**2 + 2*f + 10. Let h(w) = -9*w - 167. Let g be h(-19). Determine t(g).
50
Let j(t) = 13*t + 75. Let l(u) = -4*u + 46. Let v be l(13). Let w be j(v). Let c(k) = 3*k**2 + 2*k - 4. Determine c(w).
17
Let i be 2204/304 - 3/12. Let x(c) = -c**2 + 9*c - 15. Give x(i).
-1
Let x(j) be the first derivative of 7*j**2/2 - 6*j - 122. Give x(2).
8
Let a(c) = -c**2 + 4*c - 2. Let b be a(5). Let m(x) = 9*x + 30. Let t be m(-3). Let d(r) = -1 + 9*r**3 - 20*r**t - 6*r + 12*r**3 + 6*r**2. What is d(b)?
-8
Let r(t) be the third derivative of t**4/24 - t**3/2 - 14*t**2. Let z(s) be the first derivative of s**2/2 - s + 5. Let f(x) = -r(x) + 2*z(x). What is f(0)?
1
Let j(y) = -2*y**2 - 2*y - 2. Suppose 9*b = -8*b - 2*b + 5*b. Calculate j(b).
-2
Suppose 528 = -844*o + 892*o. Let m(a) = -a**3 + 8*a**2 + 28*a + 58. Calculate m(o).
3
Let x(y) be the third derivative of 10*y**2 - 1/60*y**5 + 0 - 7/24*y**4 + 0*y - 2/3*y**3. Calculate x(-5).
6
Let i be 4 + 0 + 15 + -5. Suppose -12*r - i = -14*r. Let w(q) be the second derivative of q**4/12 - 7*q**3/6 - 5*q**2/2 - q - 48. Calculate w(r).
-5
Suppose 5*w - 595*h + 8 = -597*h, -h - 7 = 4*w. Let k(c) = 7*c**3 + 2*c**2 + c - 1. Calculate k(w).
-51
Let a(x) = -2*x**3 + 23*x**2 - 11*x + 5. Let h = -8319 + 8330. Calculate a(h).
5
Let z(d) = -d. Let q be 18/12*(4 + -2). Suppose -q*b - 17 = 4. Let y be 1*4*(b + (9 - 3)). Give z(y).
4
Let m be (-143 + 137)*(1 + 20/3). Let r(a) = -a**2 - 59*a - 589. Calculate r(m).
9
Suppose u = 4*y - 31, -2*u = u - 15. Let a be 5/(-6)*(3 - y). Let z(v) = -2*v**2 + 11*v - 1. Let r be z(a). Let i(h) = h**2 - 3*h - 1. Calculate i(r).
3
Let q(k) = 8*k**2 + 16 - 5*k**2 + k + 0*k**2 - 4*k**2. Let a be q(4). Let p(b) = 0*b - a + 4*b + 10 - 3*b. Determine p(-3).
3
Let p(s) = -s**3 + 4*s**2 + 7*s + 2. Suppose 11*n - 2492 - 1171 = 0. Let j = n + -147. Let z be (-2)/(-19) - j/(-38). Give p(z).
12
Let f(h) = h**2 + 7*h + 10. Suppose 0 = -28*o + 32*o - 8. Suppose -5*i - 30 = t, -i = -o*t - 1 + 18. What is f(i)?
10
Suppose 64*w = 55*w - 77*w - 602. Let n(g) = g**2 + g + 8. Give n(w).
50
Let l(n) = -3*n**2 + 7. Let v(y) = -5*y**2 + 12. Let q(x) = 7*l(x) - 4*v(x). Suppose 11*m - 6*m = 15. Determine q(m).
-8
Let s(p) be the second derivative of p**6/120 + p**5/30 - p**4/12 - 31*p**2/2 + 9*p - 4. Let z(a) be the third derivative of s(a). What is z(-4)?
-20
Let f = 311 + -318. Let o(y) be the second derivative of -y**5/20 - y**4/2 + 7*y**3/6 + 64*y. What is o(f)?
0
Let z(v) be the second derivative of -v**5/20 - v**4/12 + v**3/3 + v**2 + v. Let p = 340 - 335. Suppose 0*l = p*i - 4*l + 10, 8 = -4*i - l. What is z(i)?
2
Let q = -317 + 317. Suppose q = k - 5*u - 7 - 25, -3*k + 5*u = -46. Let p(l) = l - 7. Determine p(k).
0
Let t(q) = q**2 - 2*q - 3. Let l be t(4). Let g be -4 + 10 + -4 + 15 + -1. Let x(c) = 13 - 5*c - 26 + 4*c + g. Determine x(l).
-2
Suppose 4*j = 4*o - 297 + 309, -2*j = -3*o - 7. Let h(n) = -17*n - 23. Calculate h(o).
-6
Let g(d) = -5*d**3 + d. Suppose 3*h - 20 + 2 = 0. Suppose -744 + 742 = -k. Suppose k*b - 7 = -2*b - 3*o, -2*b - 4*o + h = 0. Calculate g(b).
-4
Let x be 5/(5/(-6)) - -11. Let y(c) = 1 + 9*c + 68*c**2 + x - 2*c - 67*c**2. Determine y(-5).
-4
Let q(r) = -r**3 + 7*r**2 + r + 5. Let f(a) = -3*a**3 + 15*a**2 + a + 10. Let s(l) = 2*f(l) - 5*q(l). Let o be -6*(35/(-420) - 9/(-12)). Determine s(o).
-9
Let v = 30513 + -30494. Let z(u) = -3*u + 65. What is z(v)?
8
Let j(d) = -5*d + 0*d + 4*d + 2*d + 6. Let h be (-15 - -1) + 204 + -200. Give j(h).
-4
Let j(u) = u**2 + 3*u - 15. Let q be j(-7). Suppose -5*k = -5*x - q - 12, 0 = 4*x + 4. Let b(v) = -k*v + 10 - 12 + 0. What is b(-2)?
6
Let r(s) be the second derivative of -s**3 + 4*s**2 + 2*s - 2533. Give r(-11).
74
Let d(a) = a - 9. Let y(x) = -53 - 11*x + 32*x - 51 - 13*x. Let w be y(14). What is d(w)?
-1
Let q(k) = -11*k + 14. Let x(o) = 18*o - 16. Let t(f) = 5*q(f) + 4*x(f). What is t(-3)?
-45
Let n(q) = q - 6. Let s(x) = 5. Let j(l) = -3*n(l) - 4*s(l). Suppose i = 21*a - 59, -2*a - 5*i = -10*i + 14. What is j(a)?
-11
Suppose 11*b - 2909 = 281. Let z = b + -293. Let l(g) = -g**3 - 3*g**2 + g - 2. What is l(z)?
-5
Let g be ((-40)/8 - -2*2) + -3. Let u(n) = -n**3 - 4*n**2 + 2*n + 6. Let b be u(g). Let o(c) = -c**2 + 2*c - 1. What is o(b)?
-9
Suppose 5*r - 3*y - 21 = 0, 4*y + 5 = 15*r - 16*r. Let j(d) = 7 - r + 1 - 8*d + 5 - 1 + d**2. Give j(6).
-3
Let r = 1451 + -1459. Let u(j) = 9*j - 23. Give u(r).
-95
Let c(f) = f**2 - 8*f - 4. Suppose 0 = 4*p + 12, z + 2*p + 2*p + 10 = 0. Suppose 2 = -z*o, -g - o + 5 = 2*o. What is c(g)?
-4
Suppose 6*b = -l + 2*b - 14, -5*l - 2*b + 2 = 0. Let y(w) = -9 + 24*w + 27*w + 16*w - 62*w + w**l